ime factors of (-2)/6 - l/6?
2, 7
Let i = 10 - -18. List the prime factors of i.
2, 7
Suppose 0 = 2*r - 4*g + 8, -9 = -3*r - 5*g + 1. Suppose -2*p + 1 + 5 = r. List the prime factors of p.
3
Let t = 97 - 62. List the prime factors of t.
5, 7
Let n(u) = -1. Let l(s) = -s + 2. Let p(o) = o + 1. Let b be p(2). Let z(d) = b*n(d) - l(d). List the prime factors of z(7).
2
Let y(c) = 3*c**2 - 21*c - 17. What are the prime factors of y(11)?
5, 23
Suppose 0 = -3*z - 0*z + 75. List the prime factors of z.
5
Suppose -2*t + 4*v - 28 = 0, 3*t + 6*v - v = 2. Let k be 4/t - 29/(-3). Suppose 3*u + 0*u = k. What are the prime factors of u?
3
Suppose 548 = 4*p - g, -2*p - 5*g + 0*g + 252 = 0. What are the prime factors of p?
2, 17
Let d = -8 - -11. List the prime factors of (-4)/d*(-15)/10.
2
Let w = 478 - 259. List the prime factors of w.
3, 73
Let c(s) = 2*s**2 + 4*s + 5. List the prime factors of c(-6).
53
Suppose 0 - 3 = -t. Suppose -2*b - t*a - 29 = -83, 0 = 5*b + a - 135. What are the prime factors of b?
3
Let z be -5*(2 - (-34)/(-10)). Let m(o) = 3*o - 5. Let y be m(z). Suppose 4 - y = -a. What are the prime factors of a?
2, 3
What are the prime factors of (-277)/(-9) - 4/(-18)?
31
Suppose -n + 6 = 1. Suppose -d = 3 - 4. Let j = n - d. What are the prime factors of j?
2
Suppose 2 = s - 0. Let j be 40/25 - s/(-5). Suppose -3*a = j*w - 44, 2 = -2*a + 10. List the prime factors of w.
2
Suppose 4*p - 6 = 90. List the prime factors of p.
2, 3
Suppose -23 = -3*b + 4*l, 3*l - 2*l = 2*b - 7. Suppose 4*r - 29 = -b. What are the prime factors of r?
7
Let j be -92*(-2)/8*2. Suppose 3*x + m = j, -55 = -4*x - 4*m - 7. List the prime factors of x.
17
Suppose -h + 3*g + 60 = 0, h - g = g + 61. List the prime factors of h.
3, 7
Let w = 6 + -2. Let t = 22 - 19. Suppose 2*d = -t*h + 29, 2*h + 6 = -w. List the prime factors of d.
2, 11
Suppose -4*o - 2*s - 60 + 4 = 0, 0 = -3*o + 5*s - 68. Let t = -4 - o. What are the prime factors of t?
2, 3
Let m be (-2)/3 - (-32)/3. Suppose m = -2*y, -5*y = c + 1 + 19. List the prime factors of c.
5
Let y(v) = v + 5. Let t = -4 - 0. Let u be y(t). Suppose c - 4 = -u. What are the prime factors of c?
3
Suppose 4*z - 3 = 2*y + y, 9 = 3*y. What are the prime factors of z/2 - (-10)/4?
2
Let b be 1*-1*(1 + 0). List the prime factors of b/((6/2)/(-75)).
5
Let k(d) = d**3 - 10*d**2 - 6. Let c be k(10). Let t(z) = -z**3 - 7*z**2 - 8*z + 1. Let q be t(c). Let v = 21 - q. What are the prime factors of v?
2
Suppose -4*t + 40 = -8*t. What are the prime factors of (-45)/t + 1/2?
5
Let m(b) = -11*b. Let n be m(1). Let g = -9 - n. Suppose o - g - 2 = 0. List the prime factors of o.
2
Suppose 5*u = 4*u + 2. Suppose -5*r + 16 = -u*h, -4*r + 6 = -r. List the prime factors of -3*(h/9 + -2).
7
Let o(t) be the third derivative of 0*t**5 - t**2 + 0*t + 0*t**3 + 1/24*t**4 + 0 - 1/24*t**6. List the prime factors of o(-1).
2
Let u be 7*(0 + 2)/2. Suppose 0 = u*y - 2*y - 45. List the prime factors of y.
3
Let k be (0 - -1)/((-5)/(-15)). Suppose 0 = -n - k*j + 5 + 3, -3*n = j - 40. List the prime factors of n.
2, 7
Suppose 12 = -w + 5*w. Suppose 5*c - 18 = -v - 0*c, -w*c + 9 = 0. List the prime factors of v.
3
Suppose -5 - 1 = -3*u + 4*g, -4*u - g = -8. Suppose 0 = -u*m + 4*m - 4. Suppose 2*a + 3*d - 3 = -0, 12 = 3*a + m*d. List the prime factors of a.
2, 3
Let r be 0/((-7 + 4)/(3/(-2))). Suppose 5*z + f - 64 = 0, z - f - 11 = -3. Suppose r = c + 3*c - z. List the prime factors of c.
3
Let g be -2 + -1 + 29 + -5. Let m = -11 + g. List the prime factors of m.
2, 5
Let h(a) = a + 11. Let z be h(-9). Suppose 3*c - 21 = -x + 4*c, -78 = -4*x + z*c. What are the prime factors of x?
2, 3
What are the prime factors of (165/10)/((-15)/(-100))?
2, 5, 11
Let x(j) = -2*j**3 - 2*j**2 - 3*j - 3. Suppose 3*d - 7*d - 4 = -u, -5*d + 3*u = -2. What are the prime factors of x(d)?
11
Let o(v) = v**2 - 4*v - 5. Let f be o(5). Suppose 2*w - 23 - 3 = f. What are the prime factors of w?
13
Let k = 44 + -39. What are the prime factors of k?
5
Suppose 17 = 5*i - 3. Let b = i + -1. List the prime factors of b.
3
Let f = 56 + -83. Let h = 38 + f. List the prime factors of h.
11
Suppose 0 = 5*f - 0*f - 10. Suppose -17 = -f*o + 121. Suppose 5*t - 2*k - 81 = 0, -k = 5*t + k - o. List the prime factors of t.
3, 5
Let z(q) = q**3 - 8*q**2 + 9*q. Suppose 0 = -2*k - 4*l + 10, -l - 37 = -5*k - 1. List the prime factors of z(k).
2, 7
Let k(g) = -2*g**3 - 3*g**2 - 5*g - 5. Let u be k(-2). Let b be -1*(1 - 7)*1. Let y = u - b. What are the prime factors of y?
3
Suppose -24*l = -19*l - 115. List the prime factors of l.
23
Let g be ((-1)/(-4))/(1/44). Let s = g - 4. List the prime factors of s.
7
Suppose 2*c + 10 = -2. Let u = -14 - c. Let w = u - -25. List the prime factors of w.
17
Suppose 5*t - 3*t + 42 = v, -2*t = 5*v + 30. Let y = 30 + t. Suppose 2*h = y - 2. List the prime factors of h.
2
Let j(h) be the third derivative of h**4/24 + 7*h**3/6 + h**2. Let w = -1 - -1. What are the prime factors of j(w)?
7
Let z(w) = -w + 1. Let f be z(0). Suppose -k + 4*o + f = -18, 5*k - 4*o - 31 = 0. List the prime factors of k/4*-1*-8.
2, 3
Let f = -262 - -513. List the prime factors of f.
251
Let o = -18 + 10. Let x(w) = -w**2 - 10*w - 5. What are the prime factors of x(o)?
11
Let w = -8 + 12. Let z(g) = 25 - g**3 - 27 - g + 5*g**2 + 2*g. List the prime factors of z(w).
2, 3
Suppose 5*h - 163 = -y, -h + 0*h = 5*y - 23. Let g = h + -19. What are the prime factors of g?
2, 7
Let g(p) = -p**2 + p + 20. Let l be g(0). Suppose -2*a = 3*a - l, q - 2*a - 2 = 0. Suppose -2*m + 12 = -q. What are the prime factors of m?
11
Let c be (-4)/(0 - 2) - 5. List the prime factors of 4/c*54/(-4).
2, 3
Let y = 1 + 0. Let f be (3 - (-1 + 1)) + y. Suppose n + d = -2*n + 7, -2*d + 8 = f*n. What are the prime factors of n?
3
What are the prime factors of (-18)/(-4 - (-76)/20)?
2, 3, 5
Let f = 160 + -155. List the prime factors of f.
5
Let x(r) = r**3 + 3*r**2 - 4*r - 1. Let t be x(-4). Let y = t + 1. Let v = 8 + y. List the prime factors of v.
2
Suppose -4*t + 6 = -t. Suppose -s + 33 = t*s. What are the prime factors of s?
11
Let k = 5 + -7. What are the prime factors of 34 - (k - (3 - 8))?
31
Let f = 6 - 1. Suppose -5*t + 2*t - 2*n + 14 = 0, 18 = f*t - 2*n. Suppose 0 = -2*z - 2*z - 2*d + 46, t*d = 20. What are the prime factors of z?
3
Suppose 4*p - 2 = 2, 0 = -4*u + 3*p - 19. Let q be 1 - (-1 + u + 2). What are the prime factors of 0/2 - (-2 - q)?
2, 3
Suppose 21*z = 20*z + 19. List the prime factors of z.
19
Suppose 855 = -5*d - 0*d. List the prime factors of (-1)/4 - d/12.
2, 7
Suppose -29*o = -20*o - 846. What are the prime factors of o?
2, 47
Let y = 0 - 1. Let h(s) = 3*s**2 + s. List the prime factors of h(y).
2
Suppose 0 = -5*a - 2*v + 19, 4*a - 2*v - v - 6 = 0. Suppose 0 = m - a*m + 36. List the prime factors of m.
2, 3
Let g = -292 - -485. List the prime factors of g.
193
Suppose 0 = -x + 5, x = -3*s + 4*x + 225. List the prime factors of s.
2, 5
Let i be (0 - 1)*(-2 - 0). Let f = i + 12. List the prime factors of f.
2, 7
Let d(m) = 2*m**3 + m**2 - 2*m + 1. Let k be d(1). Suppose -k*n - n = -27. Let r = 1 + n. What are the prime factors of r?
2, 5
Let p(l) = 19*l. What are the prime factors of p(3)?
3, 19
Let d be ((-4)/14)/(3/(-42)). List the prime factors of (1 - 3)/(d/(-56)).
2, 7
Let b be 2/(-7) + 16/7. Suppose -24 + 3 = -4*a + 3*k, 0 = b*k - 10. What are the prime factors of a?
3
Suppose 110 = 5*m - 130. What are the prime factors of m?
2, 3
Let g = -2 + 5. Let m(s) = 5*s - 3. List the prime factors of m(g).
2, 3
Let q(g) = g**2 - 3*g + 2. Let j be q(5). Suppose -2*r - m + j = 0, -12 = -5*m + 2*m. List the prime factors of r.
2
Let a(r) = -r**2 - 11*r + 19. List the prime factors of a(-10).
29
Let m be (3/2)/((-6)/160). Suppose -5*y - 78 = -8. List the prime factors of (m/y)/(2/7).
2, 5
What are the prime factors of (-16)/72 + (-245)/(-9)?
3
Let m(x) = -x + 19. Let t be m(8). Suppose 4*v + 5 = -t. Let y = -1 - v. List the prime factors of y.
3
Let w(b) = -3*b + 13. Let h(f) = 6*f - 26. Let j(d) = -3*h(d) - 5*w(d). List the prime factors of j(-9).
2, 5
Suppose -h - h - 4*i + 72 = 0, 0 = -5*h - 4*i + 198. List the prime factors of h.
2, 3, 7
What are the prime factors of (-32 - 0)/(-4)*8?
2
Let v = 56 + 29. What are t